162590?
2, 5, 19, 42961
What are the prime factors of 2260395?
3, 5, 50231
List the prime factors of 57648.
2, 3, 1201
What are the prime factors of 7113390?
2, 3, 5, 67, 3539
List the prime factors of 235217.
41, 5737
What are the prime factors of 5927484?
2, 3, 29, 17033
What are the prime factors of 6463833?
3, 2154611
List the prime factors of 6783188.
2, 1695797
List the prime factors of 2744850.
2, 3, 5, 29, 631
What are the prime factors of 45065?
5, 9013
What are the prime factors of 3996501?
3, 1332167
What are the prime factors of 366890?
2, 5, 19, 1931
List the prime factors of 87691.
87691
List the prime factors of 10125274.
2, 5062637
List the prime factors of 236298.
2, 3, 39383
List the prime factors of 228355.
5, 109, 419
What are the prime factors of 94460?
2, 5, 4723
List the prime factors of 2381683.
17, 29, 4831
List the prime factors of 106486.
2, 37, 1439
What are the prime factors of 247570?
2, 5, 19, 1303
What are the prime factors of 8200971?
3, 911219
List the prime factors of 31996632.
2, 3, 1333193
List the prime factors of 2784626.
2, 13, 107101
What are the prime factors of 2611673?
23, 4937
List the prime factors of 1440957.
3, 7, 59, 1163
What are the prime factors of 1491679?
7, 213097
What are the prime factors of 436525?
5, 19, 919
List the prime factors of 19231128.
2, 3, 7, 23, 79
What are the prime factors of 1377191?
1377191
What are the prime factors of 43182?
2, 3, 2399
List the prime factors of 21703220.
2, 5, 7, 11, 17, 829
What are the prime factors of 501256?
2, 7, 8951
What are the prime factors of 482265?
3, 5, 7, 1531
List the prime factors of 955511.
955511
What are the prime factors of 203143?
31, 6553
List the prime factors of 3775899.
3, 197, 6389
List the prime factors of 9490002.
2, 3, 71, 22277
List the prime factors of 3330406.
2, 73, 22811
List the prime factors of 3782481.
3, 1260827
List the prime factors of 148240.
2, 5, 17, 109
List the prime factors of 605672.
2, 75709
What are the prime factors of 676168?
2, 84521
What are the prime factors of 28986456?
2, 3, 1207769
List the prime factors of 598246.
2, 11, 71, 383
What are the prime factors of 2638894?
2, 137, 9631
What are the prime factors of 5950296?
2, 3, 11, 683
What are the prime factors of 1498254?
2, 3, 67, 3727
List the prime factors of 2823280.
2, 5, 35291
What are the prime factors of 6629549?
37, 233, 769
What are the prime factors of 354258?
2, 3, 19681
List the prime factors of 204547.
7, 29221
List the prime factors of 605231.
11, 55021
What are the prime factors of 362638?
2, 31, 5849
List the prime factors of 818290.
2, 5, 11, 43, 173
What are the prime factors of 777715?
5, 109, 1427
List the prime factors of 381554.
2, 71, 2687
What are the prime factors of 19363537?
431, 44927
List the prime factors of 1178184.
2, 3, 7, 7013
List the prime factors of 907118.
2, 453559
What are the prime factors of 1161429?
3, 467, 829
What are the prime factors of 26950233?
3, 8983411
What are the prime factors of 4758952?
2, 11, 41, 1319
List the prime factors of 76911.
3, 31, 827
What are the prime factors of 75241?
67, 1123
List the prime factors of 18373097.
179, 102643
List the prime factors of 3638940.
2, 3, 5, 60649
List the prime factors of 1933920.
2, 3, 5, 17, 79
List the prime factors of 1213363.
727, 1669
List the prime factors of 1181900.
2, 5, 53, 223
What are the prime factors of 159154?
2, 17, 31, 151
List the prime factors of 282742.
2, 141371
List the prime factors of 293706.
2, 3, 7, 37
List the prime factors of 10599950.
2, 5, 101, 2099
What are the prime factors of 3493576?
2, 31, 14087
What are the prime factors of 979393?
19, 2713
What are the prime factors of 231881?
13, 17837
What are the prime factors of 2395629?
3, 83, 1069
What are the prime factors of 94789?
94789
What are the prime factors of 1873304?
2, 23, 10181
What are the prime factors of 2087869?
7, 461, 647
What are the prime factors of 40278035?
5, 7, 661, 1741
What are the prime factors of 4509248?
2, 70457
List the prime factors of 12250263.
3, 4083421
List the prime factors of 1465223.
19, 67, 1151
What are the prime factors of 522841?
11, 29, 149
What are the prime factors of 2415397?
37, 97, 673
What are the prime factors of 385725?
3, 5, 37, 139
List the prime factors of 370218.
2, 3, 61703
List the prime factors of 290048.
2, 11, 103
What are the prime factors of 242033?
11, 22003
List the prime factors of 516090.
2, 3, 5, 17203
List the prime factors of 2670.
2, 3, 5, 89
What are the prime factors of 741003?
3, 247001
List the prime factors of 1355560.
2, 5, 33889
List the prime factors of 3668144.
2, 71, 3229
List the prime factors of 374983.
7, 53569
List the prime factors of 3410679.
3, 113, 10061
What are the prime factors of 307125?
3, 5, 7, 13
List the prime factors of 460746.
2, 3, 11, 13, 179
List the prime factors of 270157.
270157
What are the prime factors of 3319901?
13, 43, 5939
List the prime factors of 3895597.
3895597
What are the prime factors of 723290?
2, 5, 151, 479
List the prime factors of 24045043.
11, 2185913
List the prime factors of 244442.
2, 11, 41, 271
What are the prime factors of 93545?
5, 53, 353
List the prime factors of 1512238.
2, 7, 13, 1187
What are the prime factors of 3249275?
5, 129971
What are the prime factors of 24530309?
1973, 12433
What are the prime factors of 2130634?
2, 11, 96847
What are the prime factors of 13268614?
2, 6634307
What are the prime factors of 52205?
5, 53, 197
List the prime factors of 96886.
2, 193, 251
What are the prime factors of 2474858?
2, 97, 12757
List the prime factors of 1324797.
3, 383, 1153
List the prime factors of 12553974.
2, 3, 383, 607
What are the prime factors of 4725004?
2, 41, 47, 613
List the prime factors of 6232959.
3, 53, 73, 179
What are the prime factors of 440179?
440179
What are the prime factors of 1457913?
3, 443, 1097
List the prime factors of 1466457.
3, 23, 53, 401
List the prime factors of 2577826.
2, 617, 2089
What are the prime factors of 3783774?
2, 3, 19, 33191
What are the prime factors of 4782037?
13, 367849
What are the prime factors of 354244?
2, 11, 83, 97
What are the prime factors of 602649?
3, 29, 2309
What are the prime factors of 5863228?
2, 7, 209401
What are the prime factors of 1327888?
2, 149, 557
What are the prime factors of 18189949?
17, 113, 557
What are the prime factors of 5411341?
13, 416257
What are the prime factors of 11436827?
41, 278947
What are the prime factors of 529471?
529471
List the prime factors of 261622.
2, 130811
What are the prime factors of 899558?
2, 11, 31, 1319
List the prime factors of 12525892.
2, 23, 173, 787
List the prime factors of 672689.
113, 5953
What are the prime factors of 619487?
11, 199, 283
What are the prime factors of 7913745?
3, 5, 7, 37, 97
What are the prime factors of 183940?
2, 5, 17, 541
What are the prime factors of 2138937?
3, 89, 8011
What are the prime factors of 925135?
5, 185027
List the prime factors of 37325.
5, 1493
What are the prime factors of 1297138?
2, 43, 15083
What are the prime factors of 715777?
715777
What are the prime factors of 8745576?
2, 3, 7, 52057
List the prime factors of 265894.
2, 132947
What are the prime factors of 8700351?
3, 11, 263647
List the prime factors of 1878666.
2, 3, 353, 887
List the prime factors of 48574.
2, 149, 163
What are the prime factors of 38034?
2, 3, 2113
List the prime factors of 1942373.
23, 79, 1069
What are the prime factors of 21832?
2, 2729
What are the prime factors of 269048?
2, 13, 199
What are the prime factors of 347571?
3, 7, 613
What are the prime factors of 24468521?
7, 11, 317773
List the prime factors of 49924.
2, 7, 1783
List the prime factors of 320486.
2, 160243
What are the prime factors of 3398356?
2, 13, 65353
List the prime factors of 2397075.
3, 5, 31, 1031
List the prime factors of 107202.
2, 3, 17, 1051
List the prime factors of 12172841.
12172841
What are the prime factors of 1873973?
149, 12577
List the prime factors of 918599.
11, 37, 61
List the prime factors of 5189712.
2, 3, 11, 9829
What are the prime factors of 2517787?
23, 109469
List the prime factors of 1737786.
2, 3, 59, 4909
List the prime factors of 3029676.
2, 3, 13, 19421
List the prime factors of 215393.
215393
What 